 = -5 + q. What is the units digit of n?
7
Let g = -4 - -4. Suppose 2*v - 2*y = 10, 3*v + 2*y + g = -10. Suppose v*r + r = 13. What is the tens digit of r?
1
Let k = -252 - -385. What is the hundreds digit of k?
1
Let z(d) = -8*d - 6. Suppose -3*i = 8 + 4. What is the tens digit of z(i)?
2
Suppose 3*t = -t + 12. Suppose -u + g - 2 = -t, -1 = 3*u - 4*g. Suppose 3*n = 4*l - 4 + 3, -3*n + 35 = u*l. What is the units digit of n?
5
Let f be (-605)/22*8/(-10). Suppose -2*h = -f - 32. What is the tens digit of h?
2
Suppose -u - 3*b = -b - 73, -5*u - b = -383. What is the units digit of u?
7
What is the tens digit of (-1 - 0) + 2 + -4 + 252?
4
Let j = -33 + 58. Suppose -4 = -h + 1, -j = -s - 4*h. Let r = -2 + s. What is the units digit of r?
3
Let f be 1/2*(5 + -5). Suppose f*j + 4*j + 8 = 0. Let z = 4 - j. What is the units digit of z?
6
Let j(a) = 4*a**2 - a. Let m be j(1). Suppose m*k = 12, -k - 1 - 1 = -n. Suppose -d = 4*u - 2, -n*u + u - 11 = -d. What is the units digit of d?
6
Suppose -2*m = 3*m - 265. What is the units digit of m?
3
Let o = -3 - -4. Let r(l) = -5*l + 2*l + 5*l. What is the units digit of r(o)?
2
Let g(x) = -2*x**2 + 5*x - 3. Let i be g(3). Let z = i - -11. Suppose -2*l + 11 + z = -5*k, 0 = -4*l + 3*k + 18. What is the units digit of l?
3
Let d = 58 + -36. What is the units digit of d?
2
Suppose -5*s - 2 = -17. Suppose -a - 5*p = -17, -80 = -s*a + p + 19. What is the units digit of a?
2
Let g(r) = 2*r**3 - 3*r**2. Let w be g(2). Let d be 3*20/(3 - -1). Suppose -5*m + w*z - d = 0, -m + 5*z = -0*m + 24. What is the units digit of m?
1
Let q = -6 - -3. Let g be 10/6 + (-1)/q. What is the units digit of (g - 0) + 6/3?
4
Let t = 2 + 0. Suppose t*j + 2*z = z + 53, 2*j = -2*z + 48. What is the units digit of j?
9
Suppose -y + 0 = 2. Let h = y - -14. What is the units digit of h?
2
Let z = -2 + 4. Let l(r) = r. Let s be l(z). Let q = s - 0. What is the units digit of q?
2
Let y(w) = -12*w**3 + w**2 - w + 1. Let s be y(1). Let m = s + 8. Let a = 8 + m. What is the units digit of a?
5
Let d be 20/(-6) - (-1)/3. Let n(y) = 4*y**2 + 4*y + 4. What is the units digit of n(d)?
8
Let q = -76 - -97. What is the units digit of q?
1
Suppose 4*q = 3*l - 40, 0*l + 5*q = -4*l + 43. Let c = -4 - 1. Let d = c + l. What is the units digit of d?
7
Suppose -4*p = p. Let y = 2 + p. What is the units digit of 2*(-2)/(-4) + y?
3
Suppose -v = 3*v - 16. Suppose -60 + 24 = -v*t. What is the units digit of t?
9
Suppose -13*n - 93 = -16*n. What is the units digit of n?
1
Let x = -7 + 5. Let y(g) be the first derivative of g**3/3 - g**2 - 3*g - 7. What is the units digit of y(x)?
5
Let z(f) = -2*f**2 - 4*f - 4. Let m be z(-3). Let o be -1 - m/(-2)*1. What is the units digit of 38/12 - (-1)/o?
3
Let p = -3 + 4. Suppose 0*b + b = -p. What is the tens digit of -2 + b + 18 + 2?
1
Let k(y) = y + 12. Let u be k(-12). Suppose 5*q = c + 4*c - 150, c - 4*q - 36 = u. What is the tens digit of c?
2
Suppose 3*a = 4*a - 83. Suppose -a = -5*s + 4*v, -2*s + 28 = -v - 7. What is the tens digit of s?
1
Suppose 3*y - 1 = -4, 5*d + 65 = 5*y. Let f = d + 34. What is the tens digit of f?
2
Suppose j + j - 28 = x, -3*j + 3*x + 48 = 0. Suppose -2*y = y + j. What is the units digit of (-7)/(-9) + y/(-18)?
1
What is the tens digit of 1 - 14/18 - (-2964)/27?
1
Let d be 1 + 2*11/2. What is the units digit of (-1)/4 + 111/d?
9
Let b(u) = -4*u**3 + 3*u**2 - u - 3. What is the tens digit of b(-3)?
3
Suppose 50 + 55 = -m. Let j be 1/4 + m/(-12). Let r = j - -1. What is the units digit of r?
0
Suppose 0 = -11*a + 3*a + 1248. What is the hundreds digit of a?
1
Let j = -5 - -9. Suppose 5*t - 25 = -j*p - p, 0 = 4*t - 5*p - 2. What is the units digit of t?
3
Let k = 36 + -8. What is the tens digit of k?
2
Let z be (-3)/((-2)/(-2)) + 48. Suppose -6 = 4*v - d - 26, 0 = 3*v + 3*d - 30. Suppose -x - z = -v*x. What is the units digit of x?
9
Let l be (1 + -1)/(10 + -12) + -2. Let d(k) = -2*k - 4. Let h be d(-4). Let g = h + l. What is the units digit of g?
2
Let x(d) = -d**3 + 3. What is the tens digit of x(-3)?
3
Let c = 17 + -15. What is the units digit of c?
2
Let n(x) = 5*x**2 - x - 4. What is the units digit of n(3)?
8
Suppose 0 = 4*t + c - 82, 4*t - c = 70 + 8. What is the tens digit of t?
2
Let a be (-2)/(-5) + 4/(-10). Suppose -5*p - 9 = -a*x + 4*x, -3*x + 4*p = -32. Suppose -5*k + 10 = -x*k. What is the units digit of k?
0
Let k = 2 - 1. Let u(w) = 0 + k - w**2 - 10*w + 5*w. What is the units digit of u(-4)?
5
Suppose 5*u = -5 + 20. Let z be (-4)/(1 + 1) - -54. Suppose -u*p + z = p. What is the units digit of p?
3
Suppose 0 = 5*v - 4*v - 6. Let r = v - -36. Suppose 2*c = -c + r. What is the units digit of c?
4
Suppose 2*m = -y, -2*y + 3 = -5*m - 6*y. Let l(p) = -p + 0*p - m + 5 - 1. What is the units digit of l(-4)?
7
Suppose 0 = -3*b + 2 + 16. Let w be (-2)/4 - (-3)/6. Suppose -b = s + 3*u, s - u - u - 9 = w. What is the units digit of s?
3
Suppose 3*w + 3*c - 77 = 28, -c - 151 = -5*w. Suppose -w = -5*u + 14. What is the units digit of u?
9
Suppose c + 0*c - 15 = 0. Let o = c + -2. What is the units digit of o?
3
Let r be 1/(-2) - (-57)/6. Let t = -5 + r. What is the units digit of t?
4
Let i(n) = n + 68. Let x be i(0). Suppose 0 = 5*u - 4*t - 0*t - 140, -4*t - x = -2*u. What is the units digit of u?
4
Suppose 21 = 3*k - 0*k. Suppose -1 = 3*l - k. Suppose l = -r + 10. What is the units digit of r?
8
Let y be 6 - 5 - (0 + 14). Let k = 9 + y. What is the units digit of 9 + k/(-2 - -4)?
7
Suppose 3*w - 814 - 362 = 2*z, 0 = -5*w + 2*z + 1956. What is the hundreds digit of w?
3
Suppose -36 = -3*h + h. Let c be 0/(-2) - -2 - 11. What is the tens digit of h - (-3)/c*0?
1
Let u = -67 + 72. What is the units digit of u?
5
Let o(k) = 0 + k - 3 - 2*k. Let c be o(-3). Suppose c = 3*h + p - 11, 11 = 2*h + 3*h - 2*p. What is the units digit of h?
3
Let f = -25 - -35. Let v(q) = -q - 4. Let h be v(-2). What is the units digit of f*(0 - 1/h)?
5
Suppose -3*z = h - 229, -z + 3*h - 32 + 95 = 0. What is the tens digit of z?
7
Let i(a) = -21*a. What is the units digit of i(-2)?
2
Suppose -5*o + c + 23 = 0, 0*c - 18 = -3*o + 2*c. Suppose -o*u + 80 = -0*u. What is the tens digit of u?
2
Let z(v) = 5*v**2 - 2*v - 3. Let u be z(6). Let b = -245 + u. What is the units digit of 3/(-2)*b/15?
8
Suppose y - t = 4*y + 245, 3*t = -2*y - 175. Let d be (y/15)/(4/(-18)). Suppose -d + 0 = -4*u. What is the units digit of u?
6
What is the tens digit of (-7)/35 + (-3842)/(-10)?
8
Suppose 0*g + 4*g - 108 = 0. What is the tens digit of g?
2
What is the tens digit of (19/5 + -4)*-65?
1
Suppose f = -2*f + 18. Let h be (64/(-24))/((-4)/f). Suppose 0 = 4*t + 4*s - 12, s - 3 = -h*t + 3. What is the units digit of t?
1
Let h be 1/(-6) - 6/(-36). Suppose 0*a - 3*a + 21 = h. What is the units digit of a?
7
Let n = 64 - 38. What is the units digit of n?
6
Suppose -3 = i, 5*i = 4*j + 6 + 7. Let r(m) = m - 3 + m**2 + m + 2*m - 4. What is the tens digit of r(j)?
1
Let l be (-34)/(-3) - (-2)/3. Suppose z - 7 = -x + l, -2*z = 3*x - 39. What is the units digit of z?
8
Let a(y) = y**3 - 10*y**2 - 2. Let v be a(10). What is the units digit of (-9)/6*v/3?
1
Let m = 8 - 3. Suppose 30 = m*u - 10. What is the units digit of u?
8
Let m(v) be the third derivative of -5*v**4/24 - v**3/6 - v**2. What is the units digit of m(-5)?
4
What is the units digit of (-140)/6*(-3)/2?
5
Let d(q) = -32*q - 5. What is the hundreds digit of d(-7)?
2
Let i(w) = -w**2 - 11*w + 3. Let o be i(-9). Let b = o - -19. What is the tens digit of b?
4
Let x be (8/(-6))/(2/(-6)). Suppose 0*a + x = a. What is the units digit of 126/(-12)*a/(-6)?
7
Let i = 55 + -4. What is the units digit of i?
1
Let n = 5 - -1. What is the tens digit of (-8)/(-24) - (-58)/n?
1
Suppose -k - 2*t + 9 = 0, -5*k + t = 5*t - 33. Let a be (-1)/((-3)/(14 - -1)). Suppose j - a*j + 6 = -3*z, k*z = 4*j - 2. What is the units digit of z?
2
Let n(s) = s + 12. Let y be n(-9). Suppose 2*l = v + 43, -5*v = 5*l + y - 73. What is the units digit of l?
9
Let g = -23 - -25. What is the units digit of g?
2
Suppose 0 = -2*j + 35 - 7. What is the units digit of ((-3)/2)/(-3)*j?
7
Let p(r) = r**3 + 4*r**2. What is the units digit of p(-3)?
9
Let f be 16/10 - (-6)/15. Let o = f - -20. What is the units digit of o?
2
Let 